
-1
Let u(p) = 234*p - 8885. Calculate u(38).
7
Let q(p) = 1205*p + 10860. What is q(-9)?
15
Let h(x) = 2*x**3 + 60*x**2 + 433*x + 1. Calculate h(-12).
-11
Let r(w) = 42*w + 162. Calculate r(-5).
-48
Let f(s) = 2*s**3 - 122*s**2 + 5*s - 175. Calculate f(61).
130
Let m(y) = y**3 - 3*y**2 - 88*y - 12. Calculate m(11).
-12
Let t(w) = -50*w - 7515. What is t(-150)?
-15
Let c(v) = v**3 + 68*v**2 - 446*v - 5. What is c(-74)?
143
Let t(h) = 9*h**3 - 124*h**2 - 25*h - 56. Give t(14).
-14
Let g(k) = -k**3 + 47*k**2 - 550*k - 57. Give g(24).
-9
Let k(g) = -2*g**2 - 77*g + 516. What is k(7)?
-121
Let d(v) = -v**2 - 12*v - 8. What is d(-10)?
12
Let g(t) = 2*t**2 + 6*t - 127. What is g(-13)?
133
Let m(f) = -133*f + 2117. Give m(16).
-11
Let z(s) = 8*s**3 - 4*s**2 + s + 9. Give z(-2).
-73
Let q(a) = a**3 + 13*a**2 - 30*a + 5. Calculate q(-15).
5
Let j(t) = 3*t**2 + 3*t + 15. Determine j(4).
75
Let a(b) = 601*b - 3. Determine a(0).
-3
Let n(b) = -4*b**2 + 128*b - 4. What is n(29)?
344
Let m(j) = j**2 - 10*j + 15. Calculate m(-8).
159
Let d(x) = 8*x - 304. Determine d(39).
8
Let h(g) = 8*g**2 - 44*g - 11. What is h(8)?
149
Let g(n) = n**2 + 32*n - 37. Calculate g(-31).
-68
Let m(a) = a**2 + 35*a + 126. Determine m(-4).
2
Let z(x) = -x**3 + 32*x**2 - 13*x - 721. Calculate z(30).
689
Let z(u) = 4*u**2 - 78*u - 21. Give z(14).
-329
Let c(g) = -2*g**3 + 4*g**2 + 13*g - 58. Determine c(4).
-70
Let w(r) = -123*r - 61. Give w(0).
-61
Let i(h) = -1027*h - 13348. What is i(-13)?
3
Let q(l) = -35*l - 86. Calculate q(-4).
54
Let s(b) = -25*b + 329. What is s(13)?
4
Let i(o) = 75*o**3 + 3*o**2 - 2*o - 3. Determine i(-1).
-73
Let o(q) = -423*q - 8444. Calculate o(-20).
16
Let a(b) = -b**3 - 24*b**2 + 150*b + 4637. Calculate a(-18).
-7
Let i(u) = 76*u - 687. What is i(9)?
-3
Let f(i) = -i + 238. Give f(240).
-2
Let u(s) = -16*s - 21. What is u(12)?
-213
Let m(n) = -18*n + 444. What is m(27)?
-42
Let q(s) = 25*s + 43. Determine q(8).
243
Let o(h) = h - 136. Give o(26).
-110
Let n(s) = s**2 - 15*s + 70. Calculate n(8).
14
Let h(z) = -13*z**2 + 101*z + 5. What is h(8)?
-19
Let y(i) = -1285*i - 8998. Give y(-7).
-3
Let t(y) = -8*y**3 + 3006*y**2 - 2250*y + 4. Calculate t(375).
4
Let g(h) = -366*h + 1341. Determine g(4).
-123
Let a(l) = 4*l - 10. What is a(-18)?
-82
Let t(l) = -l**2 + 13*l + 407. Determine t(21).
239
Let s(k) = 1367*k + 1401. What is s(-1)?
34
Let j(r) = r**3 - 15*r**2 + 44*r + 21. Calculate j(11).
21
Let b(d) = 308*d**2 + 10*d - 9. What is b(1)?
309
Let c(i) = -2899*i + 11580. What is c(4)?
-16
Let a(b) = 55*b - 2367. Give a(43).
-2
Let m(z) = -4*z**3 - 180*z**2 + 3*z + 108. Determine m(-45).
-27
Let u(r) = -2*r**3 + 17*r**2 - 15*r - 13. Determine u(7).
29
Let p(n) = 476*n - 381. Give p(2).
571
Let y(z) = -z**2 - z + 1060. Calculate y(-33).
4
Let n(l) = -5*l**2 - 53*l + 580. Give n(-18).
-86
Let k(t) = 2*t**2 - 7*t - 184. Determine k(16).
216
Let u(x) = x**3 + 42*x**2 - 46*x - 1933. Determine u(-42).
-1
Let z(h) = -3*h**2 - 7*h - 2. Determine z(3).
-50
Let z(c) = -c**2 + 527*c - 32759. Give z(72).
1
Let g(i) = 54*i + 285. Calculate g(-5).
15
Let g(s) = 8133*s - 16281. Give g(2).
-15
Let p(n) = 1089*n - 5439. Determine p(5).
6
Let o(j) = -j**3 + 13*j**2 - 28*j + 4. Calculate o(11).
-62
Let v(h) = -21*h + 590. Give v(28).
2
Let c(p) = 2*p**2 + 704*p - 6497. Give c(9).
1
Let w(m) = m**3 + 6*m**2 - 67*m - 141. What is w(-11)?
-9
Let h(d) = -110*d + 268. Give h(3).
-62
Let c(t) = t**3 - 9*t**2 + 2*t - 311. Calculate c(13).
391
Let k(l) = -12*l**2 + 161*l - 60. Determine k(14).
-158
Let x(f) = 46*f**2 + 5290*f - 6. Determine x(-115).
-6
Let z(n) = 3*n**2 + 105*n + 106. Give z(-33).
-92
Let v(x) = 11*x**3 - 4*x**2 + 6*x - 36. Calculate v(3).
243
Let t(d) = -3*d**2 - 2*d + 72. Calculate t(6).
-48
Let n(w) = -6*w**2 - 65*w - 137. What is n(-8)?
-1
Let l(o) = 2*o + 102. Determine l(28).
158
Let k(z) = -70*z**3 + 3*z + 2. Determine k(-1).
69
Let r(v) = 984*v + 6923. Calculate r(-7).
35
Let n(k) = -k**3 + 12*k**2 + 5*k + 42. Determine n(16).
-902
Let p(n) = 1081*n - 5625. Determine p(5).
-220
Let i(k) = k**3 + 3*k**2 + 14*k + 8. What is i(-4)?
-64
Let y(b) = 606*b + 1813. Calculate y(-3).
-5
Let t(k) = 188*k - 1475. Determine t(7).
-159
Let t(c) = 218*c + 13950. What is t(-64)?
-2
Let r(u) = -6*u**3 - 714*u**2 + 720*u - 2. Determine r(-120).
-2
Let a(z) = z**3 - 8*z**2 + 54*z - 255. Calculate a(6).
-3
Let z(x) = -118*x - 4081. Calculate z(-39).
521
Let q(j) = -6*j**2 - 6079*j - 12152. What is q(-2)?
-18
Let p(u) = 289*u - 1269. Give p(4).
-113
Let x(w) = -2*w**3 - 11*w**2 + 18*w + 105. Calculate x(-5).
-10
Let p(n) = n**3 + 19*n**2 + 83*n + 36. What is p(-5)?
-29
Let u(j) = -6*j - 200. What is u(-34)?
4
Let l(j) = -j**3 + 36*j**2 + 538*j - 19369. Calculate l(36).
-1
Let a(g) = 2*g**2 - 1218*g - 21280. Give a(-17).
4
Let c(z) = z**3 + 76*z**2 - 2158*z + 32. What is c(22)?
-12
Let i(k) = k**3 - 30*k**2 - 45*k + 2077. Give i(29).
-69
Let a(v) = -29*v - 243. What is a(-4)?
-127
Let t(d) = -d**3 + 47*d**2 + 67*d + 1546. Give t(49).
27
Let r(y) = -77*y - 1909. What is r(-23)?
-138
Let l(j) = 2*j**3 + 6*j**2 + 31*j + 150. What is l(-4)?
-6
Let m(w) = 27*w**2 + 122*w + 56. Calculate m(-4).
0
Let w(p) = -2*p**2 + 41*p. Determine w(20).
20
Let v(c) = 819*c + 2451. Determine v(-3).
-6
Let y(k) = -k**2 - 22*k + 1494. Determine y(29).
15
Let z(p) = -p**3 - 68*p**2 - 127*p + 372. Determine z(-66).
42
Let v(g) = 17*g**2 + 7*g - 9. What is v(-3)?
123
Let f(y) = y**2 + 56*y - 2580. Calculate f(30).
0
Let p(y) = -3*y**2 - 411*y - 2350. What is p(-131)?
8
Let g(a) = 107*a - 5784. Calculate g(55).
101
Let l(n) = -6*n**3 - 160*n**2 + 55*n + 75. Calculate l(-27).
48
Let p(a) = -1964*a + 15708. What is p(8)?
-4
Let i(l) = l**3 + 26*l**2 + 92*l + 100. What is i(-22)?
12
Let j(f) = -94*f + 781. Determine j(8).
29
Let w(t) = -t**3 - 15*t**2 + 10*t - 62. Determine w(-16).
34
Let y(t) = 10*t + 53. Give y(-4).
13
Let w(h) = 8*h - 370. Give w(49).
22
Let c(h) = 11*h**2 + 76*h - 660. Calculate c(8).
652
Let i(u) = -u**2 + 190*u - 1789. Determine i(10).
11
Let o(k) = -k**3 - 20*k**2 + 184*k - 129. Give o(-27).
6
Let x(i) = i**3 + 24*i**2 - 178*i + 51. Determine x(-30).
-9
Let k(y) = y**3 - y**2 + 460*y - 6. Determine k(0).
-6
Let v(f) = -f**3 + 28*f**2 + 178*f - 78. Give v(33).
351
Let u(z) = 10*z**3 + 16*z - 16. Calculate u(1).
10
Let o(a) = -3*a**3 + 51*a**2 + 36*a - 615. Calculate o(17).
-3
Let i(a) = 51*a**3 - 11*a**2 + 18*a + 4. Determine i(2).
404
Let z(w) = -3*w**3 + 73*w**2 + 301*w + 210. Calculate z(28).
14
Let k(y) = 150*y - 4416. Calculate k(28).
-216
Let r(d) = -55*d + 148. Determine r(6).
-182
Let x(p) = -p**3 - 41*p**2 - 45*p + 78. Determine x(-40).
278
Let u(v) = v**3 - 64*v**2 - 297*v + 1692. Calculate u(68).
-8
Let n(l) = l**3 - 41*l**2 - 94*l + 350. Determine n(43).
6
Let p(f) = -467*f - 1860. Give p(-4).
8
Let u(q) = -3*q**2 + 22*q + 75. Calculate u(10).
-5
Let x(h) = -4*h - 86. Determine x(-21).
-2
Let y(v) = 6*v**3 + 14*v**2 - 40*v + 9. What is y(-4)?
9
Let n(d) = d**2 - 132*d - 899. Give n(-6).
-71
Let x(a) = -40*a - 17. Determine x(0).
-17
Let l(p) = p**3 - 7*p**2 + 59*p - 414. Determine l(7).
-1
Let k(l) = 627*l - 1909. Calculate k(3).
-28
Let m(a) = 887*a - 2767. What is m(3)?
-106
Let y(f) = 3*f - 29. Calculate y(10).
1
Let g(w) = -w**3 - 25*w**2 - 48*w - 31. Calculate g(-23).
15
Let j(l) = 3*l**3 - 30*l**2 + 2*l - 45. What is j(12)?
843
Let h(d) = -d**2 + 73*d - 1222. Determine h(25).
-22
Let z(q) = q**3 - 10*q**2 - 25*q + 3. Calculate z(-3).
-39
Let f(p) = -14*p**3 + 2*p**2 - 13*p + 12. What is f(1)?
-13
Let t(m) = 52*m**2 + 737*m + 738. Give t(-1).
53
Let k(t) = 3*t**3 - 5*t**2 - 5*t. Give k(5).
225
Let w(o) = 58*o + 77. Calculate w(3).
251
Let x(o) = -372*o**2 - 15623*o + 41. Calculate x(-42).
-1
Let t(k) = k**2 + 299*k + 2343. Determine t(-8).
15
Let w(h) = -51*h - 1712. Calculate w(-33).
-29
Let v(m) = -m**2 + 827*m + 9220. What is v(-11)?
2
Let q(r) = -7*r**2 + 29*r + 28. Calculate q(-1).
-8
Let p(t) = -24*t**2 + 672*t + 37. Determine p(28).
37
Let t(y) = -26*y**2 + 81*y + 5. What is t(4)?
-87
Let b(y) = -24*y + 835. Determine b(35).
-5
Let q(b) = -b**2 - 74*b - 1218. Determine q(-25).
7
Let i(y) = 10*y**2 + 587*y - 2039. Determine i(-62).
7
Let s(h) = h**3 - 25*h**